 60037?
3
What is the hundred thousands digit of 127146?
1
What is the units digit of 978?
8
What is the thousands digit of 15547?
5
What is the tens digit of 1758?
5
What is the units digit of 1666?
6
What is the thousands digit of 120762?
0
What is the tens digit of 64807?
0
What is the hundreds digit of 3936?
9
What is the tens digit of 26395?
9
What is the tens digit of 395?
9
What is the tens digit of 55?
5
What is the hundreds digit of 3692?
6
What is the hundreds digit of 315?
3
What is the units digit of 808?
8
What is the units digit of 1091?
1
What is the tens digit of 2149?
4
What is the hundreds digit of 3570?
5
What is the units digit of 16655?
5
What is the tens digit of 79132?
3
What is the thousands digit of 4499?
4
What is the units digit of 1413?
3
What is the units digit of 855?
5
What is the ten thousands digit of 76147?
7
What is the thousands digit of 3691?
3
What is the hundreds digit of 334?
3
What is the units digit of 889?
9
What is the tens digit of 18925?
2
What is the units digit of 6780?
0
What is the thousands digit of 5410?
5
What is the hundreds digit of 50610?
6
What is the tens digit of 68183?
8
What is the hundreds digit of 10892?
8
What is the hundreds digit of 1813?
8
What is the units digit of 13888?
8
What is the tens digit of 1535?
3
What is the thousands digit of 81937?
1
What is the hundreds digit of 18256?
2
What is the hundreds digit of 34181?
1
What is the tens digit of 877?
7
What is the tens digit of 1409?
0
What is the ten thousands digit of 19664?
1
What is the hundreds digit of 6913?
9
What is the thousands digit of 1505?
1
What is the units digit of 64293?
3
What is the tens digit of 25734?
3
What is the units digit of 356?
6
What is the units digit of 5002?
2
What is the hundreds digit of 12048?
0
What is the thousands digit of 3880?
3
What is the hundreds digit of 4371?
3
What is the tens digit of 41?
4
What is the tens digit of 5877?
7
What is the units digit of 2874?
4
What is the hundreds digit of 1392?
3
What is the tens digit of 16500?
0
What is the units digit of 17525?
5
What is the units digit of 67?
7
What is the thousands digit of 1436?
1
What is the units digit of 810?
0
What is the hundreds digit of 69083?
0
What is the hundreds digit of 6464?
4
What is the tens digit of 27143?
4
What is the units digit of 1048?
8
What is the units digit of 995?
5
What is the units digit of 21965?
5
What is the units digit of 135?
5
What is the units digit of 86818?
8
What is the hundreds digit of 2679?
6
What is the hundreds digit of 730?
7
What is the hundreds digit of 2468?
4
What is the ten thousands digit of 127042?
2
What is the units digit of 14013?
3
What is the hundreds digit of 84692?
6
What is the tens digit of 35388?
8
What is the hundreds digit of 525?
5
What is the tens digit of 429?
2
What is the tens digit of 196?
9
What is the thousands digit of 15003?
5
What is the thousands digit of 16948?
6
What is the tens digit of 876?
7
What is the ten thousands digit of 10290?
1
What is the tens digit of 3907?
0
What is the units digit of 151?
1
What is the ten thousands digit of 13820?
1
What is the tens digit of 747?
4
What is the units digit of 2719?
9
What is the tens digit of 82?
8
What is the thousands digit of 4686?
4
What is the tens digit of 96195?
9
What is the tens digit of 57447?
4
What is the ten thousands digit of 16337?
1
What is the hundreds digit of 4252?
2
What is the thousands digit of 11830?
1
What is the units digit of 37618?
8
What is the hundreds digit of 21347?
3
What is the thousands digit of 2778?
2
What is the tens digit of 3099?
9
What is the units digit of 3159?
9
What is the hundreds digit of 38359?
3
What is the units digit of 2778?
8
What is the units digit of 2133?
3
What is the thousands digit of 1777?
1
What is the hundreds digit of 33017?
0
What is the thousands digit of 4166?
4
What is the tens digit of 257?
5
What is the tens digit of 8334?
3
What is the thousands digit of 6513?
6
What is the tens digit of 3322?
2
What is the thousands digit of 75196?
5
What is the tens digit of 3820?
2
What is the tens digit of 3355?
5
What is the thousands digit of 4947?
4
What is the tens digit of 2434?
3
What is the tens digit of 494?
9
What is the thousands digit of 34876?
4
What is the units digit of 193?
3
What is the hundreds digit of 36152?
1
What is the units digit of 9620?
0
What is the units digit of 1989?
9
What is the ten thousands digit of 20837?
2
What is the hundreds digit of 560?
5
What is the thousands digit of 6002?
6
What is the tens digit of 52625?
2
What is the hundreds digit of 999?
9
What is the thousands digit of 4370?
4
What is the hundreds digit of 767?
7
What is the hundreds digit of 7836?
8
What is the units digit of 6325?
5
What is the thousands digit of 3246?
3
What is the units digit of 126852?
2
What is the hundreds digit of 1671?
6
What is the units digit of 18569?
9
What is the tens digit of 17326?
2
What is the thousands digit of 12649?
2
What is the hundreds digit of 1887?
8
What is the units digit of 724?
4
What is the tens digit of 584?
8
What is the tens digit of 3158?
5
What is the units digit of 585?
5
What is the ten thousands digit of 15375?
1
What is the tens digit of 1734?
3
What is the thousands digit of 6221?
6
What is the tens digit of 15318?
1
What is the hundreds digit of 103?
1
What is the units digit of 48?
8
What is the tens digit of 20410?
1
What is the hundreds digit of 990?
9
What is the hundreds digit of 32152?
1
What is the tens digit of 36391?
9
What is the units digit of 43574?
4
What is the ten thousands digit of 14572?
1
What is the thousands digit of 7044?
7
What is the ten thousands digit of 15057?
1
What is the thousands digit of 3630?
3
What is the thousands digit of 2422?
2
What is the thousands digit of 64681?
4
What is the thousands digit of 1841?
1
What is the units digit of 1039?
9
What is the tens digit of 19886?
8
What is the units digit of 116636?
6
What is the tens digit of 2637?
3
What is the units digit of 57?
7
What is the ten thousands digit of 100872?
0
What is the tens digit of 1149?
4
What is the hundreds digit of 286?
2
What is the hundreds digit of 21157?
1
What is the hundreds digit of 30534?
5
What is the thousands digit of 54160?
4
What is the units digit of 627?
7
What is the hundreds digit of 83035?
0
What is the tens digit of 9919?
1
What is the hundreds digit of 111142?
1
What is the tens digit of 476?
7
What is the thousands digit of 6940?
6
What is the tens digit of 542?
4
What is the hundreds digit of 4380?
3
What is the hundreds digit of 3723?
7
What is the hundreds digit of 5012?
0
What is the thousands digit of 24536?
4
What is the units digit of 3264?
4
What is the tens digit of 5115?
1
What is the hundreds digit of 186?
1
What is the hundreds digit of 1076?
0
What is the thousands digit of 1082?
1
What is the thousands digit of 1072?
1
What is the units digit of 2023?
3
What is the ten thousands digit of 20653?
2
What is the tens digit of 1128?
2
What is the tens digit of 22955?
5
What is the hundreds digit of 14966?
9
What is the tens digit of 22025?
2
What is the tens digit of 19346?
4
What is the hundreds digit of 1026?
0
What is the hundreds digit of 3724?
7
What is the hundreds digit of 1387?
3
What is the units digit of 2097?
7
What is the hundreds digit of 6317?
3
What is the tens digit of 731?
3
What is the tens digit of 546?
4
What is the units digit of 537?
7
What is the units digit of 18?
8
What is the thousands digit of 4647?
4
What is the tens digit of 3570?
7
What is the tens digit of 8374?
7
What is the hundreds digit of 2735?
7
What is the tens digit of 4444?
4
What is the hundreds digit of 15932?
9
What is the units digit of 26695?
5
What is the thousands digit of 4191?
4
What is the thousands digit of 8124?
8
What is the hundreds digit of 5809?
8
What is the thousands digit of 4076?
4
What is the thousands digit of 3035?
3
What is the thousands digit of 41809?
1
What is the ten thousands digit of 36041?
3
What is the thousands digit of 1834?
1
What is the tens digit of 70?
7
What is the ten thousands digit of 35120?
3
What is the units digit of 3243?
3
What is the thousands digit of 106214?
6
What is the hundreds digit of 768?
7
What is the thous